ne t(f).
7
Let c(s) = -s**3 + 7*s**2 - 7*s + 4. Let j be (4/(-14) - (-180)/189)*-6. Let o be (6/j + -1)*(-132)/55. Determine c(o).
-2
Let b(n) = n - 9. Suppose 2*p + 3*p = -3*x + 34, 15 = 3*p. Suppose -c = x*c. What is b(c)?
-9
Let s(u) be the first derivative of -u**2 + 3*u - 162. Calculate s(2).
-1
Let k(q) = -q**2 - 4*q + 1. Let m be k(-3). Let v(w) = 1 + 2*w - 7*w + m*w. Suppose 2*t - 14 = 4*y, -2*t = -6*y + 9*y + 21. What is v(t)?
4
Let z(a) = a**2 + 6*a + 5. Let c(l) be the first derivative of 2*l**3/3 + 7*l**2/2 + 5*l + 25. Let k(j) = -2*c(j) + 3*z(j). Calculate k(6).
-7
Let l be -2 + (5 - 3) + 2. Let y(j) = j**3 - 9*j**2 + j - 13. Let z(h) = -3*h**3 + 18*h**2 - 3*h + 26. Let k(u) = l*z(u) + 5*y(u). Give k(-9).
-4
Let f(w) = -w**2 + 17*w - 15. Suppose -5*h - 3*q + 82 = -q, h = 5*q + 11. What is f(h)?
1
Let y(v) = v**3 - v**2 + v + 3. Suppose 31 = -2*z - z - 5*c, -21 = -2*z + 5*c. Let l be 2/6 - z/(-6). What is y(l)?
3
Let h be 3 - (-4 + 2 + 3). Let m(k) = h - k - 17 + 19. What is m(0)?
4
Let p(a) = -7 + 4 - a + 12 + 0. Let i(z) = -3*z + 26. Let k(o) = -6*i(o) + 17*p(o). Determine k(2).
-1
Let r(p) = -p**2 - 6*p + 6. Let n(u) = -9*u**2 + u - 7. Let w be n(0). Give r(w).
-1
Let u(m) be the first derivative of m**5/10 + m**4/6 - m**3/3 - m**2/2 - 2*m - 4. Let s(l) be the first derivative of u(l). Determine s(-2).
-5
Let c(u) = 4*u**2 - 6*u + 6. Let t be c(1). Let v(g) = -g + 9. Let b be v(7). Let j(d) = 2 - d + d**2 + 0*d**b - 5*d. Give j(t).
-6
Let n = 1246 - 1250. Let z(s) = -s - 5. Calculate z(n).
-1
Suppose 4*x + 20 = 5*i, 2*x + 3*i - 41 = -29. Let m(k) = k**2 - 3*k + 7. What is m(x)?
7
Let x(z) = 9*z + 16. Let l = 19 + -12. Let b(j) = -8*j - 15. Let u = -52 + 58. Let d(q) = l*b(q) + u*x(q). Determine d(-7).
5
Let f(u) = 6*u**3 - 16*u**2 - 6*u - 16. Let t(y) = -y**3 + 3*y**2 + y + 3. Let x(z) = 2*f(z) + 11*t(z). Give x(-2).
-1
Let x(g) = -g**3 + 14*g**2 - 12*g - 7. Let f = -652 + 665. Calculate x(f).
6
Let v(m) = m + 7. Let g(a) = a**3 - 7*a**2 + 9*a + 10. Let p be g(5). Let b be 11/(-2) - p/10. Give v(b).
1
Let q be (-14)/(0 + 2) + 1. Let v(k) = -11*k**2 - 7*k + 7. Let o(p) = -5*p**2 - 3*p + 3. Let j(w) = q*v(w) + 14*o(w). What is j(-1)?
-4
Let l(n) = -2*n + 6. Let r(m) = 2. Let c(w) = -3*l(w) + 8*r(w). Give c(5).
28
Suppose 7 = -2*r - 3*a + 1, 8 = 2*a. Let c(l) = 2*l + 12. Determine c(r).
-6
Let l(o) = -3*o**2 + o - 1. Suppose 13*r = 18*r - 10. Suppose x - r = 2*x. What is l(x)?
-15
Let h(u) = -u**2 + 7*u - 1. Let c be 9/(8/(-10) + 1). Let z = c + -81. Let r be (z/8 + 2)*-2. Calculate h(r).
9
Let q(a) be the third derivative of -a**5/60 - 17*a**4/24 - 2*a**3/3 + 7*a**2 + 6. What is q(-15)?
26
Let k(o) = -o - 10. Let l be k(-12). Let z(r) = 2*r**2 + r**3 - 4 - 2*r - 7*r**2 + l*r**2. Let g be (-30)/(-7) + (-6)/21. Give z(g).
4
Let n(q) be the third derivative of -1/3*q**3 + 22*q**2 - 1/120*q**6 + 1/60*q**5 + 0 + 1/12*q**4 + 0*q. Determine n(2).
-2
Let r(f) be the first derivative of -f**5/60 - f**4/4 + f**3/6 + 3*f**2/2 - 4. Let m(g) be the second derivative of r(g). Determine m(-5).
6
Let a(l) = 9*l + 1. Let q = -291 + 290. Determine a(q).
-8
Let j = -277 - -272. Let w(b) = -4*b - 6. Determine w(j).
14
Let v(z) = 3*z**2 - 15*z - 4. Let f = 26 - 22. Let t(j) = 1 + 6*j - f*j - j**2 + 6*j - 3*j. Let x(k) = -11*t(k) - 4*v(k). What is x(6)?
-1
Let r(s) = 10*s - 53. Let g(x) = 9*x - 66. Let p(z) = 4*g(z) - 5*r(z). Let b be (2/6)/((-2)/(-6)). Determine p(b).
-13
Let z be 4/(-12) + (0 - (-2)/(-3)). Let f(g) = 2*g - 5*g - 1 - g + 0*g. Determine f(z).
3
Let o(y) be the first derivative of -y**3/3 + y**2/2 + y - 2. Let q be o(-2). Let v(l) = -3*l - 2. Calculate v(q).
13
Let n(c) = -2*c**2 + 8*c - 7. Let r(z) = 6*z**2 - 25*z + 22. Let u(q) = 7*n(q) + 2*r(q). Determine u(4).
-13
Let c(t) = -26*t + 26*t - t**2. Let j be c(0). Let w(m) = 2 - 6 + 2*m + j*m - m**2 + 2*m. Give w(5).
-9
Let m(p) = -2*p + 6. Let w(o) = -2*o**2 - 5*o - 7. Let x be w(-4). Let r = 26 + x. What is m(r)?
-8
Let t = 1230 - 1220. Let a(f) = -f**3 + 11*f**2 - 9*f + 2. Give a(t).
12
Let u(z) = -2*z. Let n be 36/(-28) + 2/7. Let x be (6/(-1 - 2))/n. Suppose x*i - 1 = 1. Determine u(i).
-2
Suppose 4*o - r - 2*r = 1, -r = -5. Let f(w) be the first derivative of w**4/4 - 2*w**3 + 7*w**2/2 - 5*w + 10. What is f(o)?
-9
Suppose -108 = 2*d - 138. Suppose -105 = d*u - 0*u. Let r(j) = -j + 2. Give r(u).
9
Let y(w) = 2*w**2 + 2*w - 2. Suppose j = 4*k - 12, -5*j + 8 = -3*k - 0*j. Suppose k*l - 9*l + 50 = 0. Let v = -12 + l. What is y(v)?
2
Let x(m) = -2*m**3 + 3*m**2 + 2*m - 11. Let f(n) = n**3 - 2*n**2 - n + 5. Let t(r) = 5*f(r) + 2*x(r). Suppose 0*g = q - 4*g + 12, 12 = 3*g. What is t(q)?
-1
Let w(u) be the second derivative of u**4/12 - u**3/2 + 326*u. Give w(3).
0
Let w(t) = 8 + 112277*t - 112277*t + 6*t**2 - t**3. Let o = 1 + -3. Let n be 4*1*(-3)/o. What is w(n)?
8
Let r be (4/(-3))/(4/6). Let l = r - -7. Let b(x) be the first derivative of -x**2/2 + x - 7. Calculate b(l).
-4
Suppose 5*r = -o + 5*o + 29, 4*r + 2*o = 18. Let d(k) = 4*k - 7. Determine d(r).
13
Let j(v) = -5*v - 2. Let c be j(-1). Suppose 0 = -5*g - c*o + 4, 6*g + 20 = g + 5*o. Let h(b) = -8*b**3 + 2*b**2 + b. Calculate h(g).
9
Let k = 1797 - 1799. Let z(m) = 4*m**3 - 3*m**2 - 3*m + 4. Let a(p) = 3*p**3 - 3*p**2 - 3*p + 3. Let j(g) = 6*a(g) - 5*z(g). What is j(k)?
8
Let p be (1 - -3) + (-72)/6*(-6)/(-24). Let s(o) = -3 + 4 - 5*o**2 + 4*o**2 - 3*o**3. Calculate s(p).
-3
Let a(j) = -48*j - 19. Let d(n) = 26*n + 9. Let b(z) = -4*a(z) - 7*d(z). What is b(6)?
73
Suppose 2*p - 4 = -3*p + 3*x, -5*p + x = -8. Suppose 0 = 5*m + 2*l - 17 + 2, 2*l - 10 = 0. Let i = m - p. Let q(n) = 5*n. What is q(i)?
-5
Suppose -3*m = 3*w + 6, -16 = 2*w - 6. Let d(o) = -3*o**2 + 5*o + 6. What is d(m)?
-6
Let l(u) = u**3 + 4*u**2 + 3*u - 5. Let q(z) = 3*z**3 + 7*z**2 + 7*z - 11. Let a(d) = -5*l(d) + 2*q(d). Let r be ((-7)/4 - 0)*4. Let x = 13 + r. Calculate a(x).
-3
Let q(u) = u + 45. Let n(z) = -z - 67. Let o(w) = -5*n(w) - 8*q(w). Let j be o(-7). Let k(a) = -a**2 - 6*a - 5. What is k(j)?
3
Let p(m) = 2*m**2 - 2*m - 1. Suppose -39*w + 180 = -9*w. Calculate p(w).
59
Let y(r) = -2 + 38*r - 74*r + 37*r + r**2. Let a(m) = 2*m**2 - 9*m. Let j(c) = -a(c) + y(c). Give j(7).
19
Let g(p) = -p**2 - 2*p + p - 3*p. Let w = 56 + -61. Give g(w).
-5
Suppose -4 = 4*n + 3*w, -3*n = -4*n - 4*w - 14. Suppose -n*h = h - 12. Let m(s) be the second derivative of -s**5/20 + 5*s**4/12 - s**3/3 - s. Determine m(h).
8
Let n(q) = -q**3 - 8*q**2 - 4*q - 30. Let i be n(-8). Let r(d) = -8*d + 2. Let h(m) = 4*m - 1. Let z(y) = -11*h(y) - 6*r(y). What is z(i)?
7
Let k(p) = -13*p**2 + 15*p + 22. Let g(s) = -11*s**2 + 16*s + 17. Let h(c) = -6*g(c) + 5*k(c). Determine h(21).
8
Suppose 21 - 7 = 2*r + 4*o, 0 = 2*r - 5*o + 13. Let v(w) = -8*w**3 + 3*w - 2. Determine v(r).
-7
Let i be (-6)/(-2 - -4) - 8. Let l = -9 - i. Let k be 0*(-1)/l - -4. Let q(s) = -s + 8. Calculate q(k).
4
Suppose 5*x - 5 = -4*j - 1, 2*x + 4*j = 4. Suppose -2*l + x*l - 2*l = 0. Let q(y) = 4*y + 1 - 2 + y**2 - 3*y. What is q(l)?
-1
Let p be (1*6)/(36/24). Suppose -p = 2*n + 4. Let l(m) = m**3 + 3*m**2 - 5*m - 4. Calculate l(n).
0
Let g(n) be the second derivative of -1/3*n**3 + 0 - n**2 - 1/12*n**4 + 9*n. Give g(-3).
-5
Let f(i) = i**2 - 11*i + 4. Let m(j) = 2*j**2 + 5*j + 5. Let l be m(-3). Give f(l).
-20
Let z(u) = -u**2 + 6*u + 5. Let x(t) = t**3 + 5*t**2 + 4*t + 3. Let c be x(-4). Suppose -a - 9 = -o, -3*o + o - 5*a - c = 0. Calculate z(o).
5
Suppose 5 - 1 = 2*h. Let m be (-1 - -2)*(-2 + h). Let r(t) = -t**2 + 14 - 5 - 7 - 11. Calculate r(m).
-9
Let z(h) = h - 17. Suppose -6*o + 7*o = 2. Suppose o*u + 2*u + 8 = 0, -u = -2*y + 2. Calculate z(y).
-17
Let w(g) = -18 + 45 - 2*g + g - 17 - 13. Calculate w(-3).
0
Let n(w) = -w**3 - 9*w**2 - 5*w + 1. Suppose 5*z + 30 = -5*q, -z - 22 = 3*z + 5*q. Calculate n(z).
-23
Let c = 21 + -18. Suppose 5 + 16 = c*h. Let f = h + -6. Let q(a) = -3*a**3 + 2*a**2 - a. What is q(f)?
-2
Let l(y) = y**3 - 3*y**2 - y - 7. Let s be l(4). Suppose -i - 42 = -5*v - 11, -s*i - 35 = -v. Let n(f) = f**2 + 8*f + 5. What is n(i)?
-7
Let m(r) = 8*r - 1. Let v be 5/2 + (-3)/6. Determine m(v).
15
Let b(l) = 5*l**2 - 9. Let u(q) be the first derivative of q**3/3 + q**2/2 - 10. Let m(i) = b(i) -